{"id":122,"date":"2025-08-08T20:54:40","date_gmt":"2025-08-08T20:54:40","guid":{"rendered":"http:\/\/chnproz.cluster100.hosting.ovh.net\/?page_id=122"},"modified":"2025-11-24T10:34:13","modified_gmt":"2025-11-24T10:34:13","slug":"home-1","status":"publish","type":"page","link":"https:\/\/ladamedulac.com\/","title":{"rendered":"Accueil"},"content":{"rendered":"<p>S\u00e9journer sur les bords du Lac d&rsquo;Annecy vous apporte des sensations tr\u00e8s diverses selon la saison et vos envies. Entre baignades, balades en v\u00e9lo, pagayer sur le lac ou randonner dans les hauteurs vous pourrez trouver le camp de base id\u00e9al, en chambre d&rsquo;h\u00f4te ou en louant le g\u00eete, chez nous, chez vous, en s\u00e9journant \u00e0 la Dame du Lac<\/p>\n\n\n<script type=\"text\/javascript\" src=\"https:\/\/gadget.open-system.fr\/widgets-libs\/rel\/noyau-1.0.min.js\"><\/script>\n<script type=\"text\/javascript\">\n( function() {\n\tvar widgetProduit = AllianceReseaux.Widget.Instance( \"Produit\", { idPanier:\"FVMUFRU\", idIntegration:707, langue:\"fr\", ui:\"OSCH-134484\" } );\n\twidgetProduit.PreApp(\"planning.actif\", true);\n\twidgetProduit.PreApp(\"planning.nbMaxProduits\", 100);\n\twidgetProduit.Initialise();\n})();\n<\/script>\n\n<div id=\"widget-produit-OSCH-134484\"><\/div>\n\n","protected":false},"excerpt":{"rendered":"<p>S\u00e9journer sur les bords du Lac d&rsquo;Annecy vous apporte des sensations tr\u00e8s diverses selon la saison et vos envies. Entre baignades, balades en v\u00e9lo, pagayer sur le lac ou randonner dans les hauteurs vous pourrez trouver le camp de base id\u00e9al, en chambre d&rsquo;h\u00f4te ou en louant le g\u00eete, chez nous, chez vous, en s\u00e9journant [&hellip;]<\/p>\n","protected":false},"author":1,"featured_media":447,"parent":0,"menu_order":0,"comment_status":"open","ping_status":"open","template":"","meta":{"_glsr_average":0,"_glsr_ranking":0,"_glsr_reviews":0,"footnotes":"","_links_to":"","_links_to_target":""},"class_list":["post-122","page","type-page","status-publish","has-post-thumbnail","hentry"],"_links":{"self":[{"href":"https:\/\/ladamedulac.com\/index.php\/wp-json\/wp\/v2\/pages\/122","targetHints":{"allow":["GET"]}}],"collection":[{"href":"https:\/\/ladamedulac.com\/index.php\/wp-json\/wp\/v2\/pages"}],"about":[{"href":"https:\/\/ladamedulac.com\/index.php\/wp-json\/wp\/v2\/types\/page"}],"author":[{"embeddable":true,"href":"https:\/\/ladamedulac.com\/index.php\/wp-json\/wp\/v2\/users\/1"}],"replies":[{"embeddable":true,"href":"https:\/\/ladamedulac.com\/index.php\/wp-json\/wp\/v2\/comments?post=122"}],"version-history":[{"count":9,"href":"https:\/\/ladamedulac.com\/index.php\/wp-json\/wp\/v2\/pages\/122\/revisions"}],"predecessor-version":[{"id":629,"href":"https:\/\/ladamedulac.com\/index.php\/wp-json\/wp\/v2\/pages\/122\/revisions\/629"}],"wp:featuredmedia":[{"embeddable":true,"href":"https:\/\/ladamedulac.com\/index.php\/wp-json\/wp\/v2\/media\/447"}],"wp:attachment":[{"href":"https:\/\/ladamedulac.com\/index.php\/wp-json\/wp\/v2\/media?parent=122"}],"curies":[{"name":"wp","href":"https:\/\/api.w.org\/{rel}","templated":true}]}}