{"id":369,"date":"2025-08-18T11:16:10","date_gmt":"2025-08-18T11:16:10","guid":{"rendered":"http:\/\/chnproz.cluster100.hosting.ovh.net\/?page_id=369"},"modified":"2025-11-24T11:08:12","modified_gmt":"2025-11-24T11:08:12","slug":"les-plaisirs-du-palais","status":"publish","type":"page","link":"https:\/\/ladamedulac.com\/index.php\/les-plaisirs-du-palais\/","title":{"rendered":"On d\u00e9guste"},"content":{"rendered":"<p>Les Pays de Savoie sont r\u00e9put\u00e9s pour leur gastronomie, des vins muris sur les pentes des Bauges aux Tommes, Beaufort ou Reblochon en passant par la charcuterie, vos papilles vont adorer ce que vous trouverez \u00e0 la table de La Dame du Lac.<\/p>\n\n\n<p><\/p>\n","protected":false},"excerpt":{"rendered":"<p>Les Pays de Savoie sont r\u00e9put\u00e9s pour leur gastronomie, des vins muris sur les pentes des Bauges aux Tommes, Beaufort ou Reblochon en passant par la charcuterie, vos papilles vont adorer ce que vous trouverez \u00e0 la table de La Dame du Lac.<\/p>\n","protected":false},"author":1,"featured_media":368,"parent":0,"menu_order":0,"comment_status":"open","ping_status":"open","template":"","meta":{"_glsr_average":0,"_glsr_ranking":0,"_glsr_reviews":0,"footnotes":"","_links_to":"","_links_to_target":""},"class_list":["post-369","page","type-page","status-publish","has-post-thumbnail","hentry"],"_links":{"self":[{"href":"https:\/\/ladamedulac.com\/index.php\/wp-json\/wp\/v2\/pages\/369","targetHints":{"allow":["GET"]}}],"collection":[{"href":"https:\/\/ladamedulac.com\/index.php\/wp-json\/wp\/v2\/pages"}],"about":[{"href":"https:\/\/ladamedulac.com\/index.php\/wp-json\/wp\/v2\/types\/page"}],"author":[{"embeddable":true,"href":"https:\/\/ladamedulac.com\/index.php\/wp-json\/wp\/v2\/users\/1"}],"replies":[{"embeddable":true,"href":"https:\/\/ladamedulac.com\/index.php\/wp-json\/wp\/v2\/comments?post=369"}],"version-history":[{"count":3,"href":"https:\/\/ladamedulac.com\/index.php\/wp-json\/wp\/v2\/pages\/369\/revisions"}],"predecessor-version":[{"id":450,"href":"https:\/\/ladamedulac.com\/index.php\/wp-json\/wp\/v2\/pages\/369\/revisions\/450"}],"wp:featuredmedia":[{"embeddable":true,"href":"https:\/\/ladamedulac.com\/index.php\/wp-json\/wp\/v2\/media\/368"}],"wp:attachment":[{"href":"https:\/\/ladamedulac.com\/index.php\/wp-json\/wp\/v2\/media?parent=369"}],"curies":[{"name":"wp","href":"https:\/\/api.w.org\/{rel}","templated":true}]}}